{"id":2648,"date":"2023-09-25T11:10:53","date_gmt":"2023-09-25T09:10:53","guid":{"rendered":"https:\/\/sediaverde.nl\/?post_type=product&#038;p=2648"},"modified":"2026-02-13T14:10:18","modified_gmt":"2026-02-13T12:10:18","slug":"konferenzsessel-schaukel","status":"publish","type":"product","link":"https:\/\/sediaverde.nl\/de\/producten\/vergaderstoel-swing\/","title":{"rendered":"Besucher- und Konferenzstuhl Swing"},"content":{"rendered":"<h3>Merkmale des Konferenzstuhls Swing<\/h3>\n<p>Einzigartiges Design mit luxuri\u00f6ser Verarbeitung<br \/>\nSitzh\u00f6he: 445 - 565 mm<br \/>\nStandardm\u00e4\u00dfig mit Fu\u00dfkappen ausgestattet (Rollen optional)<br \/>\nGasfeder h\u00f6henverstellbar gem\u00e4\u00df SGS-Zertifikat<br \/>\nGeeignet bis zu 150 kg<br \/>\n660 mm schwarzer Sockel<br \/>\nGraue (OK-02) &amp; dunkelblaue (OK-05) gepolsterte Schale in Wollfilzoptik<br \/>\nAndere Farben verf\u00fcgbar mit 12 Wochen Lieferzeit<br \/>\nJulie-Polsterung - Abriebfestigkeit 70.000 Martindale - feuerbest\u00e4ndig<br \/>\n5 Jahre Garantie<\/p>\n<h4><strong>Verpackungsspezifikationen<\/strong><\/h4>\n<p>Einheiten pro Box: 1 St\u00fcck<br \/>\nAbmessungen: 56 (L) x 49 (B) x 51 (H) cm<br \/>\nNettogewicht: 9,2 kg<br \/>\nBruttogewicht: 13,2 kg<\/p>","protected":false},"excerpt":{"rendered":"<p>Lernen Sie den Swing kennen, unseren neuesten h\u00f6henverstellbaren Stuhl mit Gasfeder, den Inbegriff von Komfort und Stil. Das schlanke Design f\u00fcgt sich nahtlos in jeden Raum ein, w\u00e4hrend die Gasfeder-H\u00f6henverstellung f\u00fcr eine perfekte Passform sorgt. Der Swing ist aus hochwertigen Materialien gefertigt und bietet sowohl Langlebigkeit als auch Komfort und ist damit die ideale Sitzgelegenheit f\u00fcr Arbeit, Studium oder Entspannung. Verbessern Sie Ihren Komfort noch heute mit dem Swing.<\/p>\n<p><strong>Grau (OK-02) &amp; Dunkelblau (OK-05) ab Lager lieferbar.\u00a0<\/strong><\/p>","protected":false},"featured_media":10473,"template":"","meta":[],"product_brand":[],"product_cat":[319],"product_tag":[],"class_list":{"0":"post-2648","1":"product","2":"type-product","3":"status-publish","4":"has-post-thumbnail","6":"product_cat-groothandel-vergaderstoel","8":"first","9":"instock","10":"taxable","11":"shipping-taxable","12":"product-type-variable","13":"wvs-archive-product-wrapper"},"_links":{"self":[{"href":"https:\/\/sediaverde.nl\/de\/wp-json\/wp\/v2\/product\/2648","targetHints":{"allow":["GET"]}}],"collection":[{"href":"https:\/\/sediaverde.nl\/de\/wp-json\/wp\/v2\/product"}],"about":[{"href":"https:\/\/sediaverde.nl\/de\/wp-json\/wp\/v2\/types\/product"}],"wp:featuredmedia":[{"embeddable":true,"href":"https:\/\/sediaverde.nl\/de\/wp-json\/wp\/v2\/media\/10473"}],"wp:attachment":[{"href":"https:\/\/sediaverde.nl\/de\/wp-json\/wp\/v2\/media?parent=2648"}],"wp:term":[{"taxonomy":"product_brand","embeddable":true,"href":"https:\/\/sediaverde.nl\/de\/wp-json\/wp\/v2\/product_brand?post=2648"},{"taxonomy":"product_cat","embeddable":true,"href":"https:\/\/sediaverde.nl\/de\/wp-json\/wp\/v2\/product_cat?post=2648"},{"taxonomy":"product_tag","embeddable":true,"href":"https:\/\/sediaverde.nl\/de\/wp-json\/wp\/v2\/product_tag?post=2648"}],"curies":[{"name":"wp","href":"https:\/\/api.w.org\/{rel}","templated":true}]}}

<h3>Merkmale des Konferenzstuhls Swing</h3>
<p>Einzigartiges Design mit luxuriöser Verarbeitung<br />
Sitzhöhe: 445 - 565 mm<br />
Standardmäßig mit Fußkappen ausgestattet (Rollen optional)<br />
Gasfeder höhenverstellbar gemäß SGS-Zertifikat<br />
Geeignet bis zu 150 kg<br />
660 mm schwarzer Sockel<br />
Graue (OK-02) &amp; dunkelblaue (OK-05) gepolsterte Schale in Wollfilzoptik<br />
Andere Farben verfügbar mit 12 Wochen Lieferzeit<br />
Julie-Polsterung - Abriebfestigkeit 70.000 Martindale - feuerbeständig<br />
5 Jahre Garantie</p>
<h4><strong>Verpackungsspezifikationen</strong></h4>
<p>Einheiten pro Box: 1 Stück<br />
Abmessungen: 56 (L) x 49 (B) x 51 (H) cm<br />
Nettogewicht: 9,2 kg<br />
Bruttogewicht: 13,2 kg</p>

<p>Lernen Sie den Swing kennen, unseren neuesten höhenverstellbaren Stuhl mit Gasfeder, den Inbegriff von Komfort und Stil. Das schlanke Design fügt sich nahtlos in jeden Raum ein, während die Gasfeder-Höhenverstellung für eine perfekte Passform sorgt. Der Swing ist aus hochwertigen Materialien gefertigt und bietet sowohl Langlebigkeit als auch Komfort und ist damit die ideale Sitzgelegenheit für Arbeit, Studium oder Entspannung. Verbessern Sie Ihren Komfort noch heute mit dem Swing.</p>
<p><strong>Grau (OK-02) &amp; Dunkelblau (OK-05) ab Lager lieferbar. </strong></p>
